 - 10) - -11?
-3
25 + 21 + -41 + 18
23
What is 10 + (-29 + 10 - -4) + 5?
0
10 + 0 + (-1225 - -1189)
-26
1 + -40 - (7 - ((-9 - 7) + 32))
-30
Calculate -35 + 1 - (-70 + 53).
-17
Calculate -13 + -3 - (2 - 38).
20
What is the value of 1 + 1 + (-60 - -38) + 3?
-17
What is the value of (8 - (12 - 16 - 3)) + 9?
24
What is 9 - ((102 - 109) + -1 + 1)?
16
What is the value of (-49 - (-2 - 21)) + -13?
-39
What is the value of -3 + -12 + (1 - 3 - -12)?
-5
What is the value of (37 - ((-15 - -12) + 13)) + 1?
28
Evaluate 3 + (-6 - -2) + (7 - 0) + -10.
-4
Evaluate -4 + 2 - (0 - 1).
-1
What is (-1 - 5) + -6 + (10 - (-12 + 8))?
2
(-1 - 15) + 34 + -38
-20
-9 - ((2 - 16) + (-8 - -6) + 12)
-5
What is the value of 14 + -27 - (9 + -2) - 11?
-31
What is the value of -6 + 10 + -11 - -2?
-5
4 - (2 + 2 - (5 - 4))
1
(-23 - -4 - (7 + -6)) + 2 + 2
-16
-13 - (0 + 0) - (5213 + -5232)
6
Evaluate (0 - -6 - (43 + -39)) + -20 + 7.
-11
Evaluate 0 + 1 - (-1128 - -1152).
-23
Calculate 0 - -9 - (-31 + (3 - -22 - 15)).
30
Evaluate -19 + (-22 - -28) + 22.
9
Calculate -2 + ((-17 - -26) + 18 - -6).
31
-17 + 10 + -4 + 6 + 3 + -12
-14
Evaluate (270 - 256) + 1 + -31 - 15.
-31
What is the value of (28 - 10 - 9) + -20 + 4?
-7
(-1008 - -1006) + 8 + -1 + -1 + -1
3
5 - 21 - -10 - 4
-10
-4 - (3 + -2) - (-25 - (-18 + 5))
7
Evaluate 28 + -6 + -4 + -5 + 8 + -5.
16
Calculate 2 + -4 + (7 - 3) + -15.
-13
What is 37 - (-10 + 32 + -3)?
18
What is the value of (12 - (12 + 3)) + 15 - (-1 + 1)?
12
Calculate -3 + (4 - (-11 + 6 - -22)).
-16
Calculate -11 + (15 - 13) + 0.
-9
What is (17 - (23 + -21)) + -23?
-8
What is the value of -8 + 15 + -3 + (0 - (2 + 0))?
2
What is 2 + 7 - (-12 + 3 + 7)?
11
Evaluate 9 - (0 + (5 - (9 + -3))).
10
What is the value of -15 - (12 + -10 + (7 - -1))?
-25
What is the value of 0 - 3 - (-4 - (-1 + -13 + 1))?
-12
Evaluate -8 - (-3 - -8 - (-3 + 9)).
-7
(-8 - (1 + -12)) + 3
6
Evaluate -2 + -7 + (-1 - 4 - -2).
-12
-17 + 26 - (45 - 63 - (-9 - -1))
19
Calculate -1 + 53 + -47 + 1 + 2.
8
What is (0 - -11) + 20 + 6 + -16?
21
Calculate 9 + -7 + -9 + (-3 - -19) + 3.
12
What is the value of 1 - (-18 - (-3 + 0 + 8))?
24
Calculate 38 + -33 + -9 + (4 - 1) - 14.
-15
Calculate 21 - 16 - (-5 + -1 + (-1 - -5)).
7
Calculate 29 + (-7 - -9) + 1 + -13.
19
What is 0 + (0 - 6) - (-156 + 162)?
-12
Evaluate -8 + -13 + -1 + (-2 - 0) + -1.
-25
Evaluate -13 + 12 + -27 - -22.
-6
Calculate -3 - (-49 + 36 + (-3 - 0 - -1)).
12
What is the value of 18 - -19 - (48 - 9)?
-2
(2 - 6) + (4 - (22 - 13 - 2))
-7
(-1 - 7) + -5 + 2 + (19 - 12)
-4
What is 13 - (35 + 8 + -12) - -17?
-1
Evaluate ((7 - -5) + -6 - 1 - 4) + -7.
-6
Calculate (7 - 11) + (-10 - (21 + -5)).
-30
Evaluate 11 + (-2 - (3 + (2 - -8))).
-4
(12 - 1) + 58 + -66 + 20
23
What is (-17 + 17 - (-2 - (2 - 6))) + 1?
-1
Calculate 219 + -220 + (-4 - ((-24 - 1) + 2)).
18
Calculate -24 - (-7 - (23 + -16)).
-10
-15 - (-2 - -19) - (-13 - 0)
-19
Calculate (-1 - -18) + 1 + 5.
23
(-14 - -1) + (-2 - (-37 + -2))
24
What is 29 + 5 + (-6 - (-6 + 13))?
21
Evaluate 5 + 10 - 11 - (-6 + (-2 - -2)).
10
Calculate 14 - (0 + 3 + 2).
9
What is the value of (4 - 8) + 37 + -30 - -12?
15
What is the value of 0 + -2 - (-54 + 59)?
-7
What is -2 + -12 + 10 - (-4 - -2 - 14)?
12
What is -442 - -418 - (0 + -26)?
2
What is (5 - (4 - (3 + -4))) + (-10 - -14)?
4
Calculate -3 + (-8 + 8 - 5 - -13).
5
12 + -3 - -6 - -6
21
What is the value of (3983 - 3971) + -16 + (0 - 0)?
-4
Calculate -60 + (31 - -9) - -20.
0
Calculate (11 - 5 - 0) + -22 + 0 + 7.
-9
(-71 - -89) + (6 - 6 - (1 + 7))
10
Evaluate 22 + (-78 - -37) + -5.
-24
What is -9 + (-2 - -4) - (-91 - -80)?
4
Calculate 10 + (0 - -2) - (3 + -10 + 13).
6
What is the value of 2 + (-4 - -16 - 21)?
-7
Evaluate 42 + 15 + -35 - (13 + 1).
8
Evaluate 10 + 3 + -3 - (0 + 20).
-10
Evaluate (19 - (8 + 5)) + (-3 - -6).
9
What is 6 - (12 - 29 - -18)?
5
Evaluate (-15 - (28 + -36)) + -19.
-26
Calculate 22 + (-35 - -3 - -17).
7
What is 0 + (7 - -2) + (-6 - 1) + 6?
8
Calculate (-2 - 0 - (7 + -14)) + -7.
-2
Calculate -2 + 0 + (11 - (11 - 1)) + -3.
-4
-2 + (-32 - (-8 + -2))
-24
What is the value of (35 - 36 - 26) + 17?
-10
What is the value of 22 - 24 - 6 - -33?
25
(-71 + 99 - 43) + 6 + 0
-9
(-2 - -20) + (-372 - -352)
-2
What is (0 - 3) + (-6 - (10 - 9))?
-10
What is the value of -17 - 1 - 0 - (-29 - -21)?
-10
What is 33 + -7 + (-14 - -11) - 0?
23
Evaluate -5 + (31 - (5 - 5)) - 11.
15
What is (6 - (7 + -5)) + (-10 - -16)?
10
Evaluate 7 + (-10 + 12 - (0 + (-1 - -1))).
9
Evaluate (-7 + 3 - -6) + -7 + 0 + 4.
-1
Calculate 33 + -44 + 13 + 4.
6
Evaluate 3 + -3 - (17 + (-78 - -37)).
24
What is 18 + 3 - (-22 - -65)?
-22
Evaluate -26 - (-19 - (-13 + -6)).
-26
(-561 - -537) + (27 - 0)
3
What is 11 - ((-9 - (3 + -8)) + 1)?
14
Calculate -5 - ((-1 - -11) + -12 + 3 + 7).
-13
Calculate -19 - -13 - (0 - 1).
-5
Calculate (235 - 233) + 15 + 1 + -4 + -2.
12
Calculate -2 + 5 + 2 - (13 + (4 - 22)).
10
Evaluate -3 - ((29 - 16) + -18).
2
What is the value of 39 - (-43 + 40 - -43)?
-1
What is the value of (-17 - (14 + -23)) + (-3 - -7)?
-4
Calculate (-17 - -5) + (18 - -4 - 14).
-4
What is -2 + (25 - -3) + (-63 - -56)?
19
3 + -3 + 10 + (-28 - -14)
-4
What is the value of (5 - (-1 - 4)) + (0 - -1) + -5?
6
What is (-5 - (30 - 17)) + (-4 - -14)?
-8
Evaluate 5 + -7 - (-4 + (-33 - -6)).
29
Calculate -31 + -1 + -1626 + 1663.
5
Calculate 53 + (24 - 24) + -34.
19
What is -2 - ((-6 - (3 + 4)) + -2)?
13
What is the value of -30 + 52 + -23 + -28?
-29
12 + -2 + (-10 - -3 - 0)
3
What is the value of -98 + 124 - (-1 - -12)?
15
What is the value of -20 + (-1 + 9 - 3 - 4)?
-19
Evaluate -8 - (-9 - -3 - -4) - 2.
-8
Evaluate -17 + 13 + -18 - -14.
-8
-13 - (0 + -9 + -2)
-2
(9 - -3) + (-15 - -13) - -1
11
10 + (55 - 17 - 64)
-16
3 + (-16 - -1 - -18) - (-1 - -11)
-4
(-3 - ((-23 - -27) + -4 + 0)) + 5
2
What is (-109 - -119 - (-9 + -1)) + 1?
21
Evaluate 6 - ((9 + 2 - 9) + -8).
12
What is (-18 + 29 - (5 + -2)) + -10?
-2
-22 - (140 - 138 - (-10 + 1))
-33
What is 2 + -10 + (60 - 39 - (0 - -3))?
10
-6 - (22 - (45 - 20))
-3
Calculate -230 + 235 - (-3 - -9).
-1
What is (-3 - 1) + 1 + -5 + 4?
-4
What is the value of 623 + -633 + 12 + -1?
1
Calculate -396 + 406 - (1 - -11).
-2
What is the value of 9 + -35 - -17 - (0 + 1 + 2)?
-12
(6 + -4 + -10 - (7 - 13)) + -5
-7
Evaluate -26 - (20 + -26) - -52.
32
(-27 - -19 - -15) + 1 + -5
3
4 - (-4 + (-3 + 3 - 5))
13
Evaluate 15 + -1 + 197 + -211.
0
What is the value of 150 + -130 + -40 + -2?
-22
What is the value of -25 + -1 + 7 + 8?
-11
What is the value of -6 + 22 + (-2 - 20)?
-6
Calculate -7 - ((38 - 26) + 1 + -6 - 6).
-8
Calculate -1 + -3 + 2 - (-8 + 12 + -4).
-2
What is the value of 4 + (2 + -17 - -7) + -14?
-18
(1 - (0 - -13)) + -22 + 27
-7
What is the value of -9 + (11 - 6) - (48 - 63)?
11
Evaluate (9 - -3 - 20) + -10 + 6.
-12
Calculate (-1 - 5) + (7 - (17 - 15)).
-1
What is the value of (15 - -1 - (-22 + 24)) + -9?
5
Evaluate -64 + 63 + 2 + -13.
-12
What is -1 - (-2 - (5 - 1) - (9 - 2))?
12
What is the value of (-2 - (-3 - -2)) + 3 + 9 + -1?
10
What is the value of (-10 - 1) + (2 - -2) + 286 + -290?
-11
Evaluate (1 - 3) + 7 + 3 + (-182 - -173).
-1
What is the value of (-3 - (-1 - 1)) + (0 - (19 - 15))?
-5
Calculate -20 - (-286 + 293 - (-1 + -4)).
-32
Evaluate -198 + 167 - (2 + -12 - 5).
-16
What is the value of 7 - (1 - (-2 - (0 - 10)))?
14
What is the value of 0 + ((-15 - -3) + 6 - -4) + 4?
2
What is 19 + -37 + 23 - 29?
-24
Evaluate 17 + -1 + 3 + 9 + -8 + -8.
12
Evaluate 26 - (0 + 12 + 7).
7
Calculate -5 - ((1 - (11 + -10)) + -1 + 6).
-10
Evaluate -12 - (4 + 6 + 14 + -13).
-23
Evaluate -10 + (24 - 15) + 2 + -17.
-16
What is (-3 - (-3 - 2)) + (-37 - -40) + 2?
7
Evaluate 8 - (-17 + 18 + 9).
-2
What is the value of -4 + -1 + 0 + 3 - 9?
-11
What is the value of (-11 - (0 + -3)) + (29 - 2)?
19
Evaluate 5 + (1 - (1 - -14) - (-4 - 0)).
-5
37 - (-17 + 26 + 12)
16
Evaluate 1 + -1 + 1 - -3 - (-10 - -5).
9
Calculate -16 + (6 + -4 - (-1 + -2)) - 2.
-13
Calculate -33 + 2 - ((2 - -5 - 9) + 5).
-34
Calculate 6 - 4 - (23 + 1).
-22
What is (-3 + 2 - 3) + (-30 - -9 - -6)?
-19
-14 - -17 - (5 - (7 - 5))
0
Evaluate 7 + (6 - 5) - (-1 - (-2 + 3)).
10
Evaluate (-13 - -16) + -3 + 7.
7
What is 9 + ((-9 - (-8 - 1)) + -2 - 24)?
-17
What is 19 - 20 - (0 + -1 + -22 + 34)?
-12
4 + -2 + -1 - ((12 - 10) + -3)
2